{"id":285,"date":"2018-02-09T10:40:06","date_gmt":"2018-02-09T10:40:06","guid":{"rendered":"https:\/\/demo.themegrill.com\/colormag\/?page_id=285"},"modified":"2025-02-15T09:00:27","modified_gmt":"2025-02-15T12:00:27","slug":"contact-us","status":"publish","type":"page","link":"https:\/\/nat7noticias.com.br\/?page_id=285","title":{"rendered":"Quem somos"},"content":{"rendered":"\n<figure class=\"wp-block-image alignleft size-large is-resized is-style-rounded\"><img fetchpriority=\"high\" decoding=\"async\" src=\"https:\/\/nat7noticias.com.br\/wp-content\/uploads\/2023\/09\/naty-518x1024.jpg\" alt=\"\" class=\"wp-image-559\" style=\"width:176px;height:347px\" width=\"176\" height=\"347\"\/><\/figure>\n\n\n\n<p>Sob dire\u00e7\u00e3o e edi\u00e7\u00e3o da jornalista Nadya Mayara, o site N7 Not\u00edcias visa levar informa\u00e7\u00e3o de qualidade aos seus leitores por meio de textos bem constru\u00eddos, objetivos, claros e coerentes. Nadya \u00e9 Bacharel em Jornalismo pela Universidade Federal do Tocantins, e possui P\u00f3s-Gradua\u00e7\u00e3o em Jornalismo Digital.<\/p>\n\n\n\n<p>Nascida em Porto Nacional-TO, a idealizadora do site iniciou sua carreira jornal\u00edstica em 2012, como rep\u00f3rter e apresentadora de televis\u00e3o. A partir da\u00ed atuou como assessora de comunica\u00e7\u00e3o, colunista, dentre outras atribui\u00e7\u00f5es. Mais do que uma jornalista especializada em pol\u00edtica, \u00e9 uma grande pensadora social. Com vasta habilidade em linguagem, consegue de uma forma nada complexa se comunicar muito bem com o p\u00fablico geral.<\/p>\n\n\n\n<p>A mesma prioriza a excel\u00eancia em seu trabalho, encontrando sempre boas hist\u00f3rias em meio a tantas outras. Conquistando desse modo, seu lugar por sua escrita impec\u00e1vel e olhar atento e sens\u00edvel \u00e0s quest\u00f5es sociais e pol\u00edticas&nbsp;da&nbsp;atualidade.<\/p>\n\n\n\n<p><\/p>\n","protected":false},"excerpt":{"rendered":"<p>Sob dire\u00e7\u00e3o e edi\u00e7\u00e3o da jornalista Nadya Mayara, o site N7 Not\u00edcias visa levar informa\u00e7\u00e3o de qualidade aos seus leitores<\/p>\n","protected":false},"author":1,"featured_media":0,"parent":0,"menu_order":0,"comment_status":"closed","ping_status":"closed","template":"page-templates\/contact.php","meta":{"footnotes":""},"class_list":["post-285","page","type-page","status-publish","hentry"],"yoast_head":"<!-- This site is optimized with the Yoast SEO plugin v26.8 - https:\/\/yoast.com\/product\/yoast-seo-wordpress\/ -->\n<title>Quem somos - N7noticias<\/title>\n<meta name=\"robots\" content=\"index, follow, max-snippet:-1, max-image-preview:large, max-video-preview:-1\" \/>\n<link rel=\"canonical\" href=\"https:\/\/nat7noticias.com.br\/?page_id=285\" \/>\n<meta property=\"og:locale\" content=\"pt_BR\" \/>\n<meta property=\"og:type\" content=\"article\" \/>\n<meta property=\"og:title\" content=\"Quem somos - N7noticias\" \/>\n<meta property=\"og:description\" content=\"Sob dire\u00e7\u00e3o e edi\u00e7\u00e3o da jornalista Nadya Mayara, o site N7 Not\u00edcias visa levar informa\u00e7\u00e3o de qualidade aos seus leitores\" \/>\n<meta property=\"og:url\" content=\"https:\/\/nat7noticias.com.br\/?page_id=285\" \/>\n<meta property=\"og:site_name\" content=\"N7noticias\" \/>\n<meta property=\"article:modified_time\" content=\"2025-02-15T12:00:27+00:00\" \/>\n<meta property=\"og:image\" content=\"https:\/\/nat7noticias.com.br\/wp-content\/uploads\/2023\/09\/naty-e1695454371213.jpg\" \/>\n\t<meta property=\"og:image:width\" content=\"170\" \/>\n\t<meta property=\"og:image:height\" content=\"336\" \/>\n\t<meta property=\"og:image:type\" content=\"image\/jpeg\" \/>\n<meta name=\"twitter:card\" content=\"summary_large_image\" \/>\n<script type=\"application\/ld+json\" class=\"yoast-schema-graph\">{\"@context\":\"https:\/\/schema.org\",\"@graph\":[{\"@type\":\"WebPage\",\"@id\":\"https:\/\/nat7noticias.com.br\/?page_id=285\",\"url\":\"https:\/\/nat7noticias.com.br\/?page_id=285\",\"name\":\"Quem somos - N7noticias\",\"isPartOf\":{\"@id\":\"https:\/\/nat7noticias.com.br\/#website\"},\"primaryImageOfPage\":{\"@id\":\"https:\/\/nat7noticias.com.br\/?page_id=285#primaryimage\"},\"image\":{\"@id\":\"https:\/\/nat7noticias.com.br\/?page_id=285#primaryimage\"},\"thumbnailUrl\":\"https:\/\/nat7noticias.com.br\/wp-content\/uploads\/2023\/09\/naty-518x1024.jpg\",\"datePublished\":\"2018-02-09T10:40:06+00:00\",\"dateModified\":\"2025-02-15T12:00:27+00:00\",\"breadcrumb\":{\"@id\":\"https:\/\/nat7noticias.com.br\/?page_id=285#breadcrumb\"},\"inLanguage\":\"pt-BR\",\"potentialAction\":[{\"@type\":\"ReadAction\",\"target\":[\"https:\/\/nat7noticias.com.br\/?page_id=285\"]}]},{\"@type\":\"ImageObject\",\"inLanguage\":\"pt-BR\",\"@id\":\"https:\/\/nat7noticias.com.br\/?page_id=285#primaryimage\",\"url\":\"https:\/\/nat7noticias.com.br\/wp-content\/uploads\/2023\/09\/naty-e1695454371213.jpg\",\"contentUrl\":\"https:\/\/nat7noticias.com.br\/wp-content\/uploads\/2023\/09\/naty-e1695454371213.jpg\",\"width\":170,\"height\":336},{\"@type\":\"BreadcrumbList\",\"@id\":\"https:\/\/nat7noticias.com.br\/?page_id=285#breadcrumb\",\"itemListElement\":[{\"@type\":\"ListItem\",\"position\":1,\"name\":\"In\u00edcio\",\"item\":\"https:\/\/nat7noticias.com.br\/\"},{\"@type\":\"ListItem\",\"position\":2,\"name\":\"Quem somos\"}]},{\"@type\":\"WebSite\",\"@id\":\"https:\/\/nat7noticias.com.br\/#website\",\"url\":\"https:\/\/nat7noticias.com.br\/\",\"name\":\"N7noticias\",\"description\":\"\",\"publisher\":{\"@id\":\"https:\/\/nat7noticias.com.br\/#organization\"},\"potentialAction\":[{\"@type\":\"SearchAction\",\"target\":{\"@type\":\"EntryPoint\",\"urlTemplate\":\"https:\/\/nat7noticias.com.br\/?s={search_term_string}\"},\"query-input\":{\"@type\":\"PropertyValueSpecification\",\"valueRequired\":true,\"valueName\":\"search_term_string\"}}],\"inLanguage\":\"pt-BR\"},{\"@type\":\"Organization\",\"@id\":\"https:\/\/nat7noticias.com.br\/#organization\",\"name\":\"N7noticias\",\"url\":\"https:\/\/nat7noticias.com.br\/\",\"logo\":{\"@type\":\"ImageObject\",\"inLanguage\":\"pt-BR\",\"@id\":\"https:\/\/nat7noticias.com.br\/#\/schema\/logo\/image\/\",\"url\":\"https:\/\/nat7noticias.com.br\/wp-content\/uploads\/2023\/10\/6W8cSg-LogoMakr.png\",\"contentUrl\":\"https:\/\/nat7noticias.com.br\/wp-content\/uploads\/2023\/10\/6W8cSg-LogoMakr.png\",\"width\":249,\"height\":55,\"caption\":\"N7noticias\"},\"image\":{\"@id\":\"https:\/\/nat7noticias.com.br\/#\/schema\/logo\/image\/\"}}]}<\/script>\n<!-- \/ Yoast SEO plugin. -->","yoast_head_json":{"title":"Quem somos - N7noticias","robots":{"index":"index","follow":"follow","max-snippet":"max-snippet:-1","max-image-preview":"max-image-preview:large","max-video-preview":"max-video-preview:-1"},"canonical":"https:\/\/nat7noticias.com.br\/?page_id=285","og_locale":"pt_BR","og_type":"article","og_title":"Quem somos - N7noticias","og_description":"Sob dire\u00e7\u00e3o e edi\u00e7\u00e3o da jornalista Nadya Mayara, o site N7 Not\u00edcias visa levar informa\u00e7\u00e3o de qualidade aos seus leitores","og_url":"https:\/\/nat7noticias.com.br\/?page_id=285","og_site_name":"N7noticias","article_modified_time":"2025-02-15T12:00:27+00:00","og_image":[{"width":170,"height":336,"url":"https:\/\/nat7noticias.com.br\/wp-content\/uploads\/2023\/09\/naty-e1695454371213.jpg","type":"image\/jpeg"}],"twitter_card":"summary_large_image","schema":{"@context":"https:\/\/schema.org","@graph":[{"@type":"WebPage","@id":"https:\/\/nat7noticias.com.br\/?page_id=285","url":"https:\/\/nat7noticias.com.br\/?page_id=285","name":"Quem somos - N7noticias","isPartOf":{"@id":"https:\/\/nat7noticias.com.br\/#website"},"primaryImageOfPage":{"@id":"https:\/\/nat7noticias.com.br\/?page_id=285#primaryimage"},"image":{"@id":"https:\/\/nat7noticias.com.br\/?page_id=285#primaryimage"},"thumbnailUrl":"https:\/\/nat7noticias.com.br\/wp-content\/uploads\/2023\/09\/naty-518x1024.jpg","datePublished":"2018-02-09T10:40:06+00:00","dateModified":"2025-02-15T12:00:27+00:00","breadcrumb":{"@id":"https:\/\/nat7noticias.com.br\/?page_id=285#breadcrumb"},"inLanguage":"pt-BR","potentialAction":[{"@type":"ReadAction","target":["https:\/\/nat7noticias.com.br\/?page_id=285"]}]},{"@type":"ImageObject","inLanguage":"pt-BR","@id":"https:\/\/nat7noticias.com.br\/?page_id=285#primaryimage","url":"https:\/\/nat7noticias.com.br\/wp-content\/uploads\/2023\/09\/naty-e1695454371213.jpg","contentUrl":"https:\/\/nat7noticias.com.br\/wp-content\/uploads\/2023\/09\/naty-e1695454371213.jpg","width":170,"height":336},{"@type":"BreadcrumbList","@id":"https:\/\/nat7noticias.com.br\/?page_id=285#breadcrumb","itemListElement":[{"@type":"ListItem","position":1,"name":"In\u00edcio","item":"https:\/\/nat7noticias.com.br\/"},{"@type":"ListItem","position":2,"name":"Quem somos"}]},{"@type":"WebSite","@id":"https:\/\/nat7noticias.com.br\/#website","url":"https:\/\/nat7noticias.com.br\/","name":"N7noticias","description":"","publisher":{"@id":"https:\/\/nat7noticias.com.br\/#organization"},"potentialAction":[{"@type":"SearchAction","target":{"@type":"EntryPoint","urlTemplate":"https:\/\/nat7noticias.com.br\/?s={search_term_string}"},"query-input":{"@type":"PropertyValueSpecification","valueRequired":true,"valueName":"search_term_string"}}],"inLanguage":"pt-BR"},{"@type":"Organization","@id":"https:\/\/nat7noticias.com.br\/#organization","name":"N7noticias","url":"https:\/\/nat7noticias.com.br\/","logo":{"@type":"ImageObject","inLanguage":"pt-BR","@id":"https:\/\/nat7noticias.com.br\/#\/schema\/logo\/image\/","url":"https:\/\/nat7noticias.com.br\/wp-content\/uploads\/2023\/10\/6W8cSg-LogoMakr.png","contentUrl":"https:\/\/nat7noticias.com.br\/wp-content\/uploads\/2023\/10\/6W8cSg-LogoMakr.png","width":249,"height":55,"caption":"N7noticias"},"image":{"@id":"https:\/\/nat7noticias.com.br\/#\/schema\/logo\/image\/"}}]}},"_links":{"self":[{"href":"https:\/\/nat7noticias.com.br\/index.php?rest_route=\/wp\/v2\/pages\/285","targetHints":{"allow":["GET"]}}],"collection":[{"href":"https:\/\/nat7noticias.com.br\/index.php?rest_route=\/wp\/v2\/pages"}],"about":[{"href":"https:\/\/nat7noticias.com.br\/index.php?rest_route=\/wp\/v2\/types\/page"}],"author":[{"embeddable":true,"href":"https:\/\/nat7noticias.com.br\/index.php?rest_route=\/wp\/v2\/users\/1"}],"replies":[{"embeddable":true,"href":"https:\/\/nat7noticias.com.br\/index.php?rest_route=%2Fwp%2Fv2%2Fcomments&post=285"}],"version-history":[{"count":4,"href":"https:\/\/nat7noticias.com.br\/index.php?rest_route=\/wp\/v2\/pages\/285\/revisions"}],"predecessor-version":[{"id":2683,"href":"https:\/\/nat7noticias.com.br\/index.php?rest_route=\/wp\/v2\/pages\/285\/revisions\/2683"}],"wp:attachment":[{"href":"https:\/\/nat7noticias.com.br\/index.php?rest_route=%2Fwp%2Fv2%2Fmedia&parent=285"}],"curies":[{"name":"wp","href":"https:\/\/api.w.org\/{rel}","templated":true}]}}